*2 - 5*a. List the prime factors of i(2).
3, 5, 7
Let p = 896 - 29. What are the prime factors of p?
3, 17
Let c(v) = -27*v + 349. What are the prime factors of c(-33)?
2, 5, 31
Suppose 3*o = v + 186, 5*o = 4*o + v + 64. Let b = 569 - 567. Suppose 25 + o = b*n. What are the prime factors of n?
43
Let d(b) = -8*b + 34. Let s(k) = -k. Let z(h) = d(h) + 4*s(h). What are the prime factors of z(-15)?
2, 107
Suppose 4*g + g = 25. Let j = 6 - g. Suppose -3*i = -k - 0*i - j, -5*k + 65 = -i. List the prime factors of k.
2, 7
Suppose -5*s + 3112 = -s. List the prime factors of s.
2, 389
Suppose 59 = 2*x + 3*z, 4*x - 5*x + 3*z + 16 = 0. Suppose 0 = -27*q + x*q + 230. What are the prime factors of q?
5, 23
Let i be -3*3284/(-12) + (-4)/2. Let u = i - 577. List the prime factors of u.
2, 11
Let u(x) = -18*x - 20. Let k be ((-144)/(-120))/((-4)/30). List the prime factors of u(k).
2, 71
Let c(o) = -o**2 - 55*o - 109. List the prime factors of c(-30).
641
Let k(x) = -x**3 - 7*x**2 - 12*x - 32. Let c be k(-6). Suppose o + h + 3*h - 170 = 0, -2*h = c. List the prime factors of o.
2, 89
Let u(b) = b**3 + 5*b**2 - 2*b - 6. Let h be u(-5). Suppose h*p + 5*t + 12 = 0, 0*p + 2*t = -4*p. Suppose -17 + p = -w. What are the prime factors of w?
3, 5
Suppose -40607 = -28*v + 4193. List the prime factors of v.
2, 5
Let c = 12 + -10. Suppose 5*x - 8 = d, 6*x - c = 5*x. Suppose 2*a = 6*a + 2*g - 134, -d*a = -3*g - 87. List the prime factors of a.
2, 3
Let p = -386 - -464. Suppose -44 = 5*b - 3*b. Let a = b + p. What are the prime factors of a?
2, 7
Let q be (-12)/3 + 3 + 3 + 36. What are the prime factors of q/1 + (-3 - -3)/(-5)?
2, 19
Let r(w) = -4*w + 66. Let q be r(0). Suppose -2 = -u + p + q, -3*u + 196 = -p. List the prime factors of u.
2
Suppose 0 = 5*n + 6*m - 4*m + 65, -n + 4*m = -9. Let l be (0 - -2) + -2 + -1. Let d = l - n. List the prime factors of d.
2, 5
List the prime factors of (-5 + 6 - -10)/((-2)/(-110)).
5, 11
Suppose -3*l + 4 = 5*h - 3, -10 = 2*l - 4*h. Let q be (572/(-55))/(l/5). Suppose 4*y - 108 = q. What are the prime factors of y?
2, 5
Let h(l) = 9*l**3 + 5*l**2 - 4*l + 5. Suppose -3*s - 29 + 35 = 0. What are the prime factors of h(s)?
89
Let k(i) = -51*i + 1052. What are the prime factors of k(-21)?
11, 193
List the prime factors of (-12)/8*(744/(-18))/1.
2, 31
Let u be (-9)/12 + (-199)/(-4). Suppose 46*o = u*o - 273. List the prime factors of o.
7, 13
Suppose 0 = 2*x + 3*w - 18, 0*w - 2*w + 8 = 0. Suppose -x*y - 20 = -7*y. Suppose -y*b = -b - 124. List the prime factors of b.
31
Let i be (7 - 8) + (2 - -1). Suppose 2*v + 9 = a - 3, i*a - 18 = v. Suppose -4*u - a = -40. What are the prime factors of u?
2
Let h(s) = s**3 + 6*s**2 + 5*s + 20. Let y be h(-6). List the prime factors of (12/y)/(4/(-460)).
2, 3, 23
Suppose 0 = 6*y - 410 - 3736. List the prime factors of y.
691
Suppose -5*s + 426 = -249. Let v be s/(-18)*(-2)/(-3). Let w = v + 25. List the prime factors of w.
2, 5
Let m(z) = -23*z - 74. List the prime factors of m(-13).
3, 5
Let t(y) = y**3 + 4*y**2 + 4*y - 2. Let m be t(4). Let q = m - 45. What are the prime factors of q?
97
Suppose -6*c + 49 = -5. Suppose 2*x - 2552 = -c*x. What are the prime factors of x?
2, 29
Let t(r) = r + 9. Let h be t(-3). Suppose n - 47 = -3*f, -3*f + 31 = h*n - n. Let p = 41 + f. What are the prime factors of p?
2, 29
Suppose -10*l = -34*l + 21552. List the prime factors of l.
2, 449
Let l(r) = -2*r + 2. Let q(p) = -40*p + 11. Let k(x) = -6*l(x) + q(x). Suppose i - 3*u = -7, -2*i + u = -2*u + 8. What are the prime factors of k(i)?
3
Let o(i) be the third derivative of i**6/120 + 7*i**5/60 - 5*i**4/12 + 3*i**3/2 - 4*i**2. Let d = 12 - 20. List the prime factors of o(d).
5
Let t be (-1)/(-1) - (-60)/12. Suppose t*b - 2*b - 20 = 0. Suppose -b*c = -7*c + 82. What are the prime factors of c?
41
Let f be -7 - -3 - -2 - -6. Suppose 5*b = 3*y - f - 1, 0 = -2*y + 10. What are the prime factors of b?
2
What are the prime factors of 2/(-3*145/(-144) - 3)?
2, 3
Suppose -f - 4*i - 21 = 9, -2*i - 60 = 2*f. Let n be ((-72)/f)/((-3)/(-40)). Suppose 5*j - 98 = -3*d - 22, -j + n = -5*d. List the prime factors of j.
17
Suppose 3*z + 14 = 7*z + 2*k, -3*z + 3 = -k. Let y(o) = -4*o**z - 3*o**2 - 3*o + 3 + 2*o + 8*o**2. List the prime factors of y(-6).
3, 5
Let p(o) = -o**3 + 26*o**2 + 38*o - 63. Let y be p(27). Let l = 430 - y. List the prime factors of l.
2, 7
Let d(f) = -3*f + 3. Let g = 8 - 3. Suppose 5 = t + g*n + 32, -2*t - 30 = 4*n. List the prime factors of d(t).
2, 3
Let l(h) = 122*h**2 + 2*h + 2. Let o be l(-1). Let m = o + -17. What are the prime factors of m?
3, 5, 7
Let v = 17 + -9. Let k = 2 - v. Let c = k - -12. List the prime factors of c.
2, 3
Suppose -3*h - 12*h = -75. Suppose h*l + 165 = m, 3*m - 9*l - 537 = -8*l. What are the prime factors of m?
2, 3, 5
Let g be (-84)/(-6)*(-1)/(-2). What are the prime factors of (-3)/g - (-590)/70?
2
Suppose 4 = 4*s - j, s = j - 3 + 1. Let l(d) = 6*d + 3*d - s - d. List the prime factors of l(1).
2, 3
Let q be (222/(-5))/(2 - 23/10). Suppose -5*f = s - q, -2*f = -s + 6*s - 786. What are the prime factors of s?
2, 79
Suppose -37 = 5*m - 7. Let k(j) = -4*j - 12. List the prime factors of k(m).
2, 3
Let o(s) = 10*s**2 - 4*s - 47. List the prime factors of o(-6).
337
Let w be (-912)/10 - 9/(-45). Let m(k) = -k + 7. Let v be m(3). List the prime factors of v*(w/(-2))/7.
2, 13
Suppose 4*q + 6 + 13 = -s, -4*s = -q + 59. List the prime factors of 245 + 2 + s/(-5).
2, 5
Suppose -3*f = l + 2*f - 21, 5*f = l - 11. Suppose h + 3*h = l. Suppose -7*y - 2*k + 214 = -3*y, 0 = h*y - k - 217. List the prime factors of y.
2, 3
Let a(u) = 2*u**3 - 31*u**2 - 24*u + 63. What are the prime factors of a(19)?
2, 11, 97
Suppose -v - 30 = -4*v. Suppose -128 = -3*m + v. List the prime factors of m.
2, 23
Let y = 3744 - 2053. List the prime factors of y.
19, 89
Let h(u) = 4*u**2 + 0*u - 10*u**2 - 6 + u**3 + u. Let w be h(6). What are the prime factors of 7/1 + (1 - w)?
2
Suppose -3*m - 2*a - 296 = 0, 3*a - 478 - 9 = 5*m. Let s = -38 - m. List the prime factors of s.
2, 3, 5
Let c(j) = 2*j**3 - 2*j**2 - 2*j + 1. Let n be c(2). Suppose -i + n*h = -2, 4*i + 2 = 5*i + h. Suppose -i*q + q + 4 = 0. List the prime factors of q.
2
Suppose -3*c + 173 = 26. Let l = 124 - c. What are the prime factors of l?
3, 5
Let l(x) = -x**2 + 16*x - 11. Let n be l(15). Let j = n - 0. Suppose j*m + g - 23 = 0, 17 = m - g + 5*g. What are the prime factors of m?
5
Suppose -17*p + 39*p - 59796 = 0. List the prime factors of p.
2, 3, 151
What are the prime factors of (-2)/(-4*2/10760)?
2, 5, 269
Let a = -804 + 1271. What are the prime factors of a?
467
Let y be (1 - (-6 + 33)) + (2 - -1). Suppose 0 = -6*s + 3*s + 78. Let j = s + y. List the prime factors of j.
3
List the prime factors of (17 - -7)*(-340)/(-8).
2, 3, 5, 17
What are the prime factors of (-6)/(-15) + 3*(-4832)/(-60)?
2, 11
Suppose 3*v = -3*j - 18 + 45, -2*j + 28 = 4*v. Suppose -62 - 18 = -j*d. Suppose 2*s - d - 36 = 0. List the prime factors of s.
2, 7
Suppose o - 6*o + 570 = 0. What are the prime factors of (o/(-5))/(6/(-30))?
2, 3, 19
Suppose 0 = 5*o + 9 + 6. Let z(s) = -2*s - 1. Let a be z(0). What are the prime factors of (3/o - a) + 14?
2, 7
Let j = 1602 - -1871. What are the prime factors of j?
23, 151
Suppose -2*d - 198 = -2*a - d, 210 = 2*a + 5*d. Let z = a - 30. Let p = z - 41. What are the prime factors of p?
29
Suppose -2*o - 3*h = 3*o - 63, -3*h = 4*o - 51. Let d(j) = j**3 - 11*j**2 - 9*j + 7. Let x be d(o). Let r = 82 - x. What are the prime factors of r?
3, 13
List the prime factors of 202 + 13 - 0*(-1)/2.
5, 43
Let b(o) = 5*o**2 - 75*o - 24. What are the prime factors of b(23)?
2, 7
Let p(h) = h**2 + h + 54. Suppose 0*w + 2*w = 0. What are the prime factors of p(w)?
2, 3
Let t = -53 + -375. Let z = t - -697. List the prime factors of z.
269
List the prime factors of (4 + (-1324)/20)/(10/(-50)).
311
Suppose -742 + 93 = -3*f + 4*b, -5*b - 220 = -f. What are the prime factors of f?
5, 43
Let x(y) = 2*y**2 + 13*y - 104. List the prime factors of x(36).
2, 739
Let s = 32 + -30. Suppose -8 = -4*u + s*u. Suppose -3*p = -3*x + 165, 0 = -u*x + 2*x - 4*p + 80. What are the prime factors of x?
2, 5
Suppose -1 = -y - 3. Let f be ((-6)/4)/(y/4). Suppose -19 = -f*g 